25
What is 38 + -82 + 26 - (4 - 0 - (3 + -1))?
-20
Evaluate 51 + 0 - (-841 + 851) - 0.
41
Evaluate -31 + (-10 - (-32 - -10)) - (3 - -3 - 21).
-4
What is -9 + -1 - -3 - -11 - (-4 - (-14 + 5))?
-1
12 + (-6 - -12) + -14 + (-15 - -27)
16
Calculate -6 - -64 - (-13 - (18 - 28 - -1)).
62
0 + 1 + 47 + 3 - (-28 + 27)
52
Evaluate 120 + (-154 - -130) - -51.
147
Calculate -31 - (-1 + 2) - ((-32 - 1 - -58) + -28).
-29
-2 + 92 - (526 - 408)
-28
Evaluate 9 + -1 + 0 + (-6 - -3) + (333 - 409).
-71
Calculate 27 - (28 + -43 + 65).
-23
(30 - 111 - -143) + 0 + -37
25
Calculate (8 - 10) + (-7 - (-11 - 10)) - -69.
81
Calculate -184 - -222 - (11 + 3 + -4).
28
Calculate (-2 - -4 - 17 - (314 - 330)) + (2 - 100).
-97
Evaluate 36 - (-22 - (8 - 48) - 3).
21
Evaluate -9 + 142 + -69 + -99.
-35
90 + (-4 - -1 - (-209 - -228))
68
What is 1480 + -1445 - (1 + 20)?
14
Evaluate -135 + (3 - (-58 + 8)).
-82
(-6 - -10) + 16 + -151 + 164
33
What is the value of (12 + 5 - 36) + -15 + -2?
-36
What is the value of (-2 - 0) + 4 + -2 + (393 - 203) + -252?
-62
6 + (-17 - -20 - 20) - -46
35
Calculate 74 + (-162 - -111) - -114.
137
What is the value of -19 + 5 + (24 - (-23 + 43)) - -5?
-5
What is (-1 - (-10 - -14)) + 8 + -42 + 11?
-28
Calculate 32 - 89 - 42 - (-1 - (1 - 4)).
-101
-18 - (14 + -39 + -13)
20
What is 1 + -19 - (-741 + 747 - (4 - 0))?
-20
What is 29 + 7 + -83 + (-3 - (-1 - -1)) + -5?
-55
Calculate 20 + -4 + (-28 - -19) - 16.
-9
What is the value of -402 - -413 - (2 + (51 - -6))?
-48
(28 - (27 - -6 - 14)) + -24 + 76
61
What is -29 + 89 + -77 + 37?
20
Evaluate (6 - 14) + 61 + -81 + 62.
34
Evaluate -76 - (-17 + -10 + 43 + 5).
-97
Calculate (-2978 - -2969) + -64 + -1.
-74
Calculate -18 - 0 - ((-160 - 53) + 161).
34
Calculate (7 - -15 - 9) + (5 - 15 - -1) + 25.
29
Calculate (0 - 8) + 1 - (-41 - -35 - (-13 - -12)).
-2
What is the value of -93 - (-16 + (-8 - -11) - (-43 + 27))?
-96
What is 15 + -7 + -95 + 74?
-13
Evaluate -2 - 42 - (-25 - 9) - (2 + -77).
65
What is the value of (-4 - 11) + 8 + -31 + 136 + -22?
76
What is the value of (40 - (172 + -94)) + 123?
85
What is the value of -10 + 103 + 47 + -192?
-52
What is the value of 11 - ((13 - 0) + 188 + -242)?
52
What is -1 + -6 + (-63 - (-5 - (-24 - -12) - 14))?
-63
6 - (-3 + (7 - -10) + 25 + 1)
-34
Evaluate 0 + (13 - 5) - (-410 - -431).
-13
Calculate -928 - -948 - (65 - 0) - 1.
-46
Calculate 12 + -25 + (-33 + 27 - -9).
-10
Evaluate (7 - (16 + (-20 - -7) + -4)) + -62.
-54
Evaluate (-3 - (-35 + 4)) + (-40 - (-19 + -8 - 24)).
39
Calculate (-72 + -317 - -155) + 79.
-155
Evaluate 62 + (12 - 136) - -159.
97
2 + (1 - (5 - 2) - 6) + -2962 + 2879
-89
Evaluate (29 - (-15 + -18 - -61)) + -52 + -2.
-53
Calculate (5 - (-13 + 23)) + -16 - -63.
42
Evaluate 2 + 9 + 1655 + -1642.
24
Calculate 1 + -3 + 3 - (-1526 - -1529).
-2
Calculate 94 - (85 + -2 - 54).
65
Evaluate 12 - -4 - (522 - 500).
-6
What is the value of 17 + (5 + -4 - ((-110 - 9) + 48))?
89
Evaluate -1 + -32 + (1767 - 1768).
-34
Calculate -47 + (9 - (5 + 22)) + (1 - 7) + 15.
-56
Calculate (41 - 110) + 30 + 22 - 103.
-120
Evaluate (-1 - 1) + 3 + -2 - (1137 + -1207).
69
Calculate 8 + -3 - (97 - (-5 + (1 - (-13 - -10)))).
-93
Calculate -10 - (71 + -61 + 0 + -18 + 13 + 18).
-33
What is (107 - 111) + (9 - 2) - (-6 - 0) - 23?
-14
Calculate -3 + -5 + 19 + -3.
8
Evaluate 10 + 1 + (-7 - -5) - (-368 + 43 - -317).
17
What is the value of -3 + (-37 - (-23 + 3) - -28)?
8
Calculate 58 + -43 + 14 + 21.
50
-20 + (23 + 6 - 31) - -65
43
What is the value of -11 - (-4 + 17 + 26 - 139)?
89
7 + 4 + 3 + (-43 - (-6 - -4)) + 0
-27
What is -5 + -15 + 77 + -90?
-33
Calculate (-4 - 14) + -1 - -18 - -44.
43
Evaluate -3 - (15 + (-43 - (5 + -19)) - (2 - 2)).
11
-22 - (8 + -86 + 21)
35
What is (3 - (-7 + 6)) + (-6 - (18 - 100) - 18)?
62
What is 1013 - 1096 - (-2 - 97)?
16
What is -3 + 3 + (6 - 24) + (6 - 11 - 4)?
-27
What is 14 - 11 - (-12 - (1 - 7) - -17) - 3?
-11
What is (4 - 37) + (-19 - -60) - -32?
40
Evaluate 29 + (-27 - 59) + 65.
8
Evaluate 3524 + -3431 + (6 - 1) - (-27 + 1).
124
What is -2 - -2 - -17 - (774 + -788 + (8 - 1))?
24
Calculate 3 + 31 + -6 + 4 - 28.
4
Calculate -2 - (9 + -22 + 38 + 20).
-47
What is the value of -6 + (16 - (-4 - -26)) + (4 - -5)?
-3
What is -16 + (12 - (-23 - -3)) + 0 + -98?
-82
-1814 - -1883 - (-3 - -27)
45
(-239 - -129) + (145 - 6)
29
362 + -183 + (3 - 97)
85
Evaluate 42 - (30 - 11 - 17 - (22 + -7)).
55
What is the value of -83 + -11 + (1 - 2) + (14 - 1)?
-82
What is (7 - -10) + 12 + (-16 - -12)?
25
Evaluate 38 + 15 + -374 + 282.
-39
36 + (1 + -1 - 9) + -27 + -26 + 52
26
What is the value of 16 + -20 - 4 - -11 - 16?
-13
65 + -50 + (-1 - -1) + 1 + 1 - 8
9
Calculate 27 - (-17 + 31 - -4 - (12 - 0)).
21
Evaluate -9 + (3 - -7 - (4 + -6)) + -16.
-13
10 + (-13 - (-3 + 5)) + (370 - 292)
73
-4 - -76 - (52 + -15 + (3 - 16))
48
Evaluate (5 - 8) + 16 + 13 + 16 + -2.
40
-160 + 163 + (0 - 3 - -22) - (4 - 4)
22
What is -16 - 12 - -4 - (-45 + 49)?
-28
56 - 54 - (19 + (-5 - -3) + 5 + 1)
-21
Evaluate -24 - 33 - ((8 - 20) + 3 - -4).
-52
37 + 1 - (-10219 - -10229)
28
Evaluate 6 + -12 + (26 - 12) + 47 - (-1 - 7).
63
Evaluate 8 + -8 + (47 - 13) + 6.
40
Calculate -35 - (-45 - -25 - -14).
-29
What is the value of (26 - -103 - 55) + -73?
1
-127 + (118 - -78 - 86)
-17
What is the value of 1169 - 1096 - (93 + -6)?
-14
4 + -4 - (5 - (-10 + -3)) - 6
-24
What is the value of -8773 + 8780 - (106 - (-2 + (4 - (0 - 1))))?
-96
(-3 - -59) + -130 + 106 + -12
20
What is the value of -61 + (27 - 14) - (-3 - -1 - -3)?
-49
Evaluate 51 + (2 - (6 - -2) - (63 + 33 + -87)).
36
Calculate (-8 - -44) + 2 + (-7 - (17 - 35)).
49
Calculate (687 - 767) + 119 + 2.
41
What is the value of 14 + (38 - 20 - 7 - 6) + -71?
-52
Evaluate (-10 - 0 - (43 + -44 - 18)) + 39.
48
Calculate -46 - (68 + -78 - 19).
-17
Evaluate 99 - (67 - -1 - 28).
59
Calculate -38 - (47 - 88) - 0.
3
What is the value of 102 + -37 + 87 + -113?
39
Evaluate 4 - (-2 + 13 - (-8 + 2 + 14)) - -90.
91
Evaluate -8 + 0 + 2106 + -2166.
-68
What is the value of 23 + (67 - 61) + (-2 - -1)?
28
Evaluate -15 + 53 + (-31 - 39).
-32
Calculate (47 + -18 - -9) + -13.
25
What is the value of (-29 - (31 + -9)) + 46?
-5
Calculate 1036 + -1038 - (-44 - 14).
56
Evaluate 1 - -22 - (-43 - (-40 + -14) - 24).
36
(2 - (3 + 0 + (-5 - 50))) + (168 - 178)
44
Evaluate 1 - -6 - ((-26 + 68 - -20) + -21).
-34
What is -2 + 1 + 35 + (49 - (-66 + 70) - 58)?
21
32 + (8 - 1 - (-455 - -469) - -23)
48
What is -15 + 3 - (-9 + (-7 - -28 - 1))?
-23
Calculate 2 + -1 + -30 - (3 + (36 - 14) + -34).
-20
Evaluate 17 - 41 - -17 - -2 - 2.
-7
What is the value of 18 - 40 - -4 - (-5 + (-3 - 66))?
56
What is (3 - 6) + (17 + 11 + -1 - -19)?
43
4 - (-23 - (13 + -28) - -61)
-49
What is 51 + 69 + -35 - (27 - -2)?
56
-1 - (2 + -1) - (-9284 + 9245)
37
Calculate 24 + (-39 - (-34 - (-15 - 65))).
-61
Evaluate (43 - (-4 + (21 - 3))) + -38.
-9
Evaluate -10 + -18 + 25 + 17.
14
Calculate 66 + -23 - (9 - -14) - -18.
38
Calculate -14 - ((11 - (15 + 4)) + 35).
-41
Evaluate (1 - 126 - -12) + 0 + 50.
-63
Evaluate 4 + 20 - 17 - (21 + (1 - -3)).
-18
Calculate (1080 + -1067 - (1 - -16)) + 23.
19
What is the value of (-30 + -3 - (1480 - 1497)) + 0 + 4 + -1?
-13
What is the value of -2 - (9 - 9) - (46 - 67)?
19
107 - (58 - ((12 - 36) + 57))
82
What is the value of (-35 - 2) + (-734 - -749) + 0 + -6?
-28
Calculate 23 + (-58 - (-10 + -20)) - (0 - 64).
59
-282 + 228 - -132 - (-44 + 0)
122
-54 - (-70 - (-60 - 11))
-55
Evaluate (-30 + 17 - -18) + -4 + (-37 - 3).
-39
Calculate (19 - 104 - -12) + 12.
-61
Evaluate (-58 + 19 - 46) + (16 - -5).
-64
Calculate 11 + -20 + 11 - (-5 - 4) - (81 - 16).
-54
74 + -181 + -37 + 70
-74
Calculate -5711 + 5632 + (1 - -1 - -19).
-58
17 + -23 + (38 + -32 - (68 - -8))
-76
What is the value of 5 + -6 + -8 + (11 - 11) + 50?
41
What is -19 - (2 - 4 - (449 - 406))?
26
What is the value of -32 - -49 - 19 - 8?
-10
What is 4 + -14 + 3 + (-9 - -43 - 7)?
20
-106 + (77 - (108 + -32))
-105
Calculate -23 - (-22 - 15) - -8.
22
What is 2 - -9 - (158 - 136)?
-11
-67 - (48 + -130) - 60
-45
Calculate 51 - (-7 + (-2 - -5)) - (1183 - 1169).
41
What is the value of 144 + -139 + (-51 - -5) + 1?
-40
Evaluate (88 - 107) + 30 + 2 + 43.
56
What is -41 + 4 + 25 + -63?
-75
What is (75 + -81 - -3) + (-3 - (-1 - 2))?
-3
What is the value of 9 - 58 - 